q) = -4*q**2 + 3*q - 2. Determine b(f).
-12
Let g be (1/4)/((-7)/(-56)). Let m(x) = -x**2 + 4*x + 1. Determine m(g).
5
Let t(q) = -10*q - 7. Let l(p) = 9*p + 6. Let h(w) = -6*l(w) - 5*t(w). Calculate h(-5).
19
Let i(f) = f**2 - 6*f + 5. Let a be i(5). Suppose -v + 25 = -0*v - 5*k, -v - 3*k - 15 = a. Let h(w) = w + 10. What is h(v)?
10
Suppose 3*n + n - 8 = 0. Let y(m) be the second derivative of m**5/10 - m**4/3 + m**3/2 - m**2/2 + 15*m. What is y(n)?
5
Let o(h) = 3*h**2 + 4*h + 1. Let n(x) = -x**3 - 5*x**2 - x + 3. Let t be n(-5). Let v(i) = 5*i**2 + 6*i + 1. Let m(z) = t*o(z) - 5*v(z). Give m(3).
0
Let v(x) = -x**3 + x**2 + 1. Let r(y) = 7*y**3 - 3*y**2 - 2*y - 6. Let w = -3 + 4. Let p(k) = w*r(k) + 5*v(k). Calculate p(-2).
-5
Let h = 8 - 2. Let m(v) = v - 3. Let j be m(h). Suppose 15 = -b + j*x + 4, -4*x = -12. Let a(w) = -w**2 - 2*w - 2. Calculate a(b).
-2
Suppose 0 = -2*p - 3*u + 10, 2*p + 2*u = -3*p + 14. Let k be 20/(-25)*(-5)/p. Let w(h) = -10*h + 3*h + h**k + 0*h**2 + 7. Calculate w(5).
-3
Let z(i) = 2*i**2 + 6*i - 3. Let n(b) = 3*b**2 + 6*b - 4. Let j(d) = 3*n(d) - 4*z(d). Give j(5).
-5
Suppose 2*a - 7 = 5*d - 17, -5*a + 4*d = 42. Let j(u) = -u - 10. Give j(a).
0
Suppose -6*j = -5*j - 21. Let l = -15 + j. Let y(v) = v**3 - 5*v**2 - 5*v - 7. What is y(l)?
-1
Let s be 18 - (0 - (4 - 0)). Suppose -4*w + s = o, 5*o - w - 3 = 2. Let n(v) = -5*v + 1. Determine n(o).
-9
Let s(x) be the first derivative of -x**7/840 + x**6/72 + x**4/6 + x**3/3 + 2. Let h(j) be the third derivative of s(j). Calculate h(5).
4
Let v(t) = -5*t**3 + 29*t**2 + 7*t - 18. Let c(q) = 3*q**3 - 19*q**2 - 5*q + 12. Let u(b) = 8*c(b) + 5*v(b). Give u(-6).
0
Let s(d) = d**2 - 8*d + 5. Let m be s(8). Let u(g) = 2*g - 3. Let v(i) = 2*i - 4. Let o(b) = m*u(b) - 4*v(b). Let c = -1 + -4. Calculate o(c).
-9
Suppose -6*s = -10 + 40. Let y(t) = 2 - 4*t**2 - 4 + 4*t + 5*t**2. Calculate y(s).
3
Let q = 14 + -2. Let t(r) = 0*r**2 - 12 + r**2 + q. Determine t(2).
4
Let f(b) = 6*b**3 - 2*b**2 + 6*b - 5. Let a(y) = 12*y**3 - 4*y**2 + 11*y - 9. Let p(k) = 6*a(k) - 11*f(k). Calculate p(1).
5
Let j be -4*1/(12/(-3)). Suppose -c = j - 23. Let u be 15/(-20) - c/(-8). Let y(i) = -i**3 + 4*i**2 - 2*i - 1. Calculate y(u).
3
Let i(m) = 6*m**3 - 2*m + 1. Let w be (2 + -2)/1 - 6. Let c = w - -7. Calculate i(c).
5
Let q be 0 - (-4)/(-2) - 1. Let r(f) be the third derivative of 0*f - 1/6*f**3 + 1/60*f**5 - 5*f**2 + 0 + 1/24*f**4. What is r(q)?
5
Let b(z) be the first derivative of 2*z**3/3 + z**2 + 2*z - 24. What is b(-2)?
6
Let q(k) = -k**2 - 6*k + 3. Suppose -4*s - 53 = -4*g + 27, -5*s - 4*g - 145 = 0. Let j = s - -20. Calculate q(j).
8
Let k = 2 + -3. Let u(j) = -4*j**2 - j. Let i be u(k). Let w(h) be the first derivative of h**3/3 + h**2/2 - 4*h - 1. Determine w(i).
2
Let a(v) = -v - 8. Let l be a(-13). Let r(s) = -4 - s**2 - 5*s + 7 + l*s**2 - 3*s**2. Give r(4).
-1
Let j(f) = f**2 - 11*f + 6. Let k(t) = t**2 - 10*t + 5. Let d(y) = 4*j(y) - 5*k(y). Determine d(5).
4
Let m(w) be the first derivative of -w**4/4 - w**3 + 2*w**2 + 2*w + 4. What is m(-3)?
-10
Let a(b) be the first derivative of b**3/3 + 4*b**2 - 4*b - 48. What is a(-9)?
5
Suppose 2*g + 26 = -f, 0 = -3*g - 2*g - 2*f - 64. Let a be (g/9)/(12/(-27)). Let m(r) = -r**2 + 4*r. Calculate m(a).
3
Let i(l) = -5*l + 82. Let h be i(16). Let a(f) = 2*f - 2. Give a(h).
2
Suppose 18 = 5*x + 3*o, x + 4*o - 10 = -x. Let n(g) = 0*g - g**3 - 6 + 0*g**3 + 5*g**2 + x*g. Calculate n(5).
9
Let p(t) = -3*t**2 - 7*t - 3. Let s(w) = 2*w**2 + 6*w + 3. Let k = -4 - 0. Let m(c) = k*s(c) - 3*p(c). Determine m(4).
1
Suppose -6*t + 9 = -3*t. Let j(z) = -4*z + 2. Let b(k) = -9*k - 5. Let p(g) = 17*g + 9. Let l(v) = -11*b(v) - 6*p(v). Let m(r) = -4*j(r) + 5*l(r). What is m(t)?
0
Let n(p) be the second derivative of p**5/20 - p**4/2 + p**3/2 + 3*p**2/2 - 22*p. What is n(4)?
-17
Suppose 0*n - 2 = -5*n + 2*l, 3*n - 10 = -l. Let a(x) = 20*x - 35*x - x**n + 19*x - 3. Let r be ((-10)/(-6) + -1)*3. Give a(r).
1
Let t(v) be the third derivative of v**6/120 - 7*v**5/60 + 3*v**4/8 - 4*v**3/3 - 6*v**2. What is t(6)?
10
Let w(m) be the second derivative of m**6/120 + m**5/20 + m**4/24 - m**3/6 - m**2/2 + 2*m. Let x(h) be the first derivative of w(h). Determine x(-3).
-4
Let w(l) = -2*l - 2. Let y(h) = -5*h - 5. Let x(k) = -7*w(k) + 3*y(k). Determine x(-5).
4
Let l(p) = 5*p**2 - 2*p + 2. Let t be l(1). Let j(r) = r + 1. Give j(t).
6
Let p(f) be the first derivative of 3*f**4/4 + 2*f**3 - f**2 + 2*f + 4. Let b(i) = 10*i**3 + 19*i**2 - 7*i + 7. Let g(a) = 2*b(a) - 7*p(a). Determine g(-4).
0
Suppose 9*v - 30 = 3*v. Let y(t) = t**2 - 4*t - 1. Calculate y(v).
4
Let u = 3 + -5. Let s(n) = n**3 + n**2 - 3*n - 2. Let k be s(u). Let v(a) = a**2 + a + 3. Give v(k).
3
Let v(z) = 14*z + z + 5 + 5*z**2 - 7*z - z**3. Calculate v(6).
17
Let o(q) be the first derivative of 1/12*q**4 - 2/3*q**3 - 1/2*q**2 - 2 - 2*q. Let b(j) be the first derivative of o(j). Give b(2).
-5
Let b(k) = k**3 - 5*k**2 - 7*k + 1. Let s(v) = v**2 - v - 5. Let q be s(3). Suppose -q - 35 = -6*m. Calculate b(m).
-5
Suppose t - 10 = -0*t. Suppose 3*z - 2*z = y - 2, -3*y = z - t. Let u(d) = -d + 4. What is u(y)?
1
Let m(o) be the third derivative of 7*o**6/120 - o**3/6 - 15*o**2. Let a(q) = -2*q + 1. Let y be a(1). Determine m(y).
-8
Let k(j) = -6 + j**3 - 3*j**2 + 3 + 4*j - 8*j. Let b(q) = -q**2 + 4*q + 4. Let g be b(4). Determine k(g).
-3
Let d(x) = -3*x + 6. Let l be d(3). Let b(j) = -2*j - 2. Calculate b(l).
4
Suppose 4*w - 2*a - 6 = 0, 5*w = w + a + 7. Let u(i) = 2*i**2 + 5*i - 3*i**2 - 1 + w*i**2 + 0*i**2. Calculate u(-5).
-1
Suppose -f = 3*f - 40. Suppose -h - f = -6*h. Let x(o) = -4*o**2 - 4*o. Let w(m) = -3*m**2 - 3*m. Let d(k) = 5*w(k) - 4*x(k). Determine d(h).
6
Let l be 24/36*15/2. Let u(g) = l*g - 4*g - 1 + 0*g + g**2. What is u(1)?
1
Let p(h) = 1 + 4*h + 2 - 3 - 3 - h**2. Let y(u) = u**2 + 6*u + 4. Let d be y(-6). Give p(d).
-3
Let l(c) = -5*c + 1. Let z(o) = -9*o + 2. Let n(x) = -7*l(x) + 3*z(x). Let j = -12 - -17. Let y = j + -4. Determine n(y).
7
Let b(n) = n**2 - 7*n + 4. Let m(c) = -c**3 + 9*c**2 - 7*c - 3. Suppose -65 = -5*w + 5*o, 3*o + 23 = w - 0*w. Let t be m(w). Give b(t).
-6
Let v = 74 - 69. Let q(k) = k**2 - 6*k + 5. Determine q(v).
0
Suppose 0 = -5*m + 2*m - 18. Let x(t) = -t - 6. Let g be x(m). Let v(j) = -j - 7. Calculate v(g).
-7
Let y(o) = -3*o**3 - o**2 + o - 1. Suppose 0 = -j + 3*a + 4, 5*a + 6 + 3 = 4*j. Calculate y(j).
-4
Let m(v) = -v**2 + v + 2. Let q be m(0). Let g(u) = q + 2 + 1 - 6*u**2 - 4. Suppose 5 = 3*x + 2. Calculate g(x).
-5
Let l(p) = -9 - 6*p + 3*p + 4*p. Determine l(6).
-3
Let p(l) be the second derivative of 1/2*l**2 + 1/3*l**3 - 4*l + 0 + 1/6*l**4. Calculate p(-3).
13
Let k(p) be the first derivative of 3*p**2/2 + 2*p - 1. Suppose -3*s + l = -2*l + 6, -s = -4*l - 1. What is k(s)?
-7
Let b be ((-12)/(-10))/(14/35). Let q(m) be the first derivative of -m**2 - 2*m - 1. Determine q(b).
-8
Let a = 1 - 1. Let t(k) = -k**3 - k**2 + 2*k - 4 + a + 6 + 0*k. What is t(-2)?
2
Let b(i) = -4*i + 13. Let p be b(3). Let t be (-15)/(-6)*(-6)/(-5). Let s(u) = -u + 3*u - 3*u**t - 1 - 2*u**3. Determine s(p).
-4
Let l(y) = -y**3 - y**2 - 2 + 2*y**3 - 2*y**2. Suppose -1 = -5*r + 19. Give l(r).
14
Let x(b) be the first derivative of b**6/120 - b**5/120 - b**3/3 - 6. Let p(u) be the third derivative of x(u). Determine p(-1).
4
Let z(n) = n - 2. Let l(s) = -11*s**2 - 10*s**3 + 2 + 11*s**3 - 12*s + 1. Let d be l(12). Determine z(d).
1
Let j(p) be the first derivative of 1/12*p**4 - 1 - 1/20*p**5 + 2*p - 3/2*p**2 + 1/2*p**3. Let t(r) be the first derivative of j(r). Calculate t(2).
-1
Let d(c) = 5*c - 3. Let l(u) = -3*u + 2. Let o(q) = -5*d(q) - 8*l(q). Let r(n) = n**2 + 6*n + 5. Let h be r(-5). Let t be h/(-2) + (-3)/1. Give o(t).
2
Let v(j) = -2*j - 17. Let a be v(-6). Let b(u) = u**3 + 6*u**2 + 5*u + 5. Give b(a).
5
Let v = -16 - -21. Let u(d) be the second derivative of 1/3*d**4 - 1/2*d**2 + 0 + d + 2/3*d**3 + 1/20*d**v. Calculate u(-3).
-4
Let g(v) = 3 - 5*v - 26*v**2 + 0 + 27*v**2. Determine g(2).
-3
Let x(t) be the second derivative of -t**5/2 + t**4/6 - t**2/2 - 7*t. Calculate x(-1).
11
Suppose 0 = -3*v + 8*v - 95. Let l = -19 + v. Let u(o) = 3*o - 3*o + o. What is u(l)?
0
Let y(k) = k**